{"id":620,"date":"2016-10-07T12:29:50","date_gmt":"2016-10-07T10:29:50","guid":{"rendered":"http:\/\/www.arch-eberhardt.at\/wordpress\/?page_id=620"},"modified":"2016-10-07T12:47:34","modified_gmt":"2016-10-07T10:47:34","slug":"einfamilienhaeuser-perg","status":"publish","type":"page","link":"https:\/\/www.arch-eberhardt.at\/wordpress\/?page_id=620","title":{"rendered":"Einfamilienh\u00e4user Perg"},"content":{"rendered":"<p>10 Einfamilienh\u00e4user in Zentrumsn\u00e4he<\/p>\n<div id=\"metaslider-id-616\" style=\"max-width: 750px;\" class=\"ml-slider-3-90-1 metaslider metaslider-nivo metaslider-616 ml-slider ms-theme-nivo-dark\" role=\"region\" aria-roledescription=\"Slideshow\" aria-label=\"Perg\">\n    <div id=\"metaslider_container_616\">\n        <div class='slider-wrapper theme-default'><div class='ribbon'><\/div><div id='metaslider_616' class='nivoSlider'><img loading=\"lazy\" decoding=\"async\" src=\"https:\/\/www.arch-eberhardt.at\/wordpress\/wp-content\/uploads\/2016\/10\/DSCN8944-750x550.jpg\" height=\"550\" width=\"750\" alt=\"\" class=\"slider-616 slide-617\" \/><img loading=\"lazy\" decoding=\"async\" src=\"https:\/\/www.arch-eberhardt.at\/wordpress\/wp-content\/uploads\/2016\/10\/DSCN9189-750x550.jpg\" height=\"550\" width=\"750\" alt=\"\" class=\"slider-616 slide-618\" \/><img loading=\"lazy\" decoding=\"async\" src=\"https:\/\/www.arch-eberhardt.at\/wordpress\/wp-content\/uploads\/2016\/10\/DSCN9394-750x550.jpg\" height=\"550\" width=\"750\" alt=\"\" class=\"slider-616 slide-619\" \/><\/div><\/div>\n        \n    <\/div>\n<\/div>\n","protected":false},"excerpt":{"rendered":"<p>10 Einfamilienh\u00e4user in Zentrumsn\u00e4he<\/p>\n","protected":false},"author":2,"featured_media":0,"parent":29,"menu_order":0,"comment_status":"closed","ping_status":"closed","template":"","meta":{"footnotes":""},"class_list":["post-620","page","type-page","status-publish","hentry"],"_links":{"self":[{"href":"https:\/\/www.arch-eberhardt.at\/wordpress\/index.php?rest_route=\/wp\/v2\/pages\/620","targetHints":{"allow":["GET"]}}],"collection":[{"href":"https:\/\/www.arch-eberhardt.at\/wordpress\/index.php?rest_route=\/wp\/v2\/pages"}],"about":[{"href":"https:\/\/www.arch-eberhardt.at\/wordpress\/index.php?rest_route=\/wp\/v2\/types\/page"}],"author":[{"embeddable":true,"href":"https:\/\/www.arch-eberhardt.at\/wordpress\/index.php?rest_route=\/wp\/v2\/users\/2"}],"replies":[{"embeddable":true,"href":"https:\/\/www.arch-eberhardt.at\/wordpress\/index.php?rest_route=%2Fwp%2Fv2%2Fcomments&post=620"}],"version-history":[{"count":2,"href":"https:\/\/www.arch-eberhardt.at\/wordpress\/index.php?rest_route=\/wp\/v2\/pages\/620\/revisions"}],"predecessor-version":[{"id":622,"href":"https:\/\/www.arch-eberhardt.at\/wordpress\/index.php?rest_route=\/wp\/v2\/pages\/620\/revisions\/622"}],"up":[{"embeddable":true,"href":"https:\/\/www.arch-eberhardt.at\/wordpress\/index.php?rest_route=\/wp\/v2\/pages\/29"}],"wp:attachment":[{"href":"https:\/\/www.arch-eberhardt.at\/wordpress\/index.php?rest_route=%2Fwp%2Fv2%2Fmedia&parent=620"}],"curies":[{"name":"wp","href":"https:\/\/api.w.org\/{rel}","templated":true}]}}